e 11) to base 9
-10621
6256 (base 10) to base 2
1100001110000
-420 (base 11) to base 8
-772
Convert -10280 (base 13) to base 2.
-111000101001011
What is 12013 (base 7) in base 16?
c19
-1051 (base 9) to base 10
-775
Convert 12584 (base 12) to base 9.
37271
-27a (base 15) to base 12
-3b1
4b12 (base 15) to base 13
7382
324 (base 5) to base 15
5e
Convert 582 (base 9) to base 6.
2115
-6c5 (base 13) to base 6
-5235
Convert 856 (base 16) to base 4.
201112
-9525 (base 10) to base 15
-2c50
Convert 1e8 (base 16) to base 14.
26c
What is 3056 (base 8) in base 7?
4420
What is -901 (base 10) in base 16?
-385
Convert 3ad (base 14) to base 2.
1011100101
Convert -3203021 (base 4) to base 2.
-11100011001001
-521b (base 14) to base 15
-42c7
Convert 1829 (base 11) to base 6.
14442
What is -5b01 (base 16) in base 15?
-6d82
Convert 254 (base 10) to base 2.
11111110
Convert -15 (base 8) to base 15.
-d
Convert -68923 (base 10) to base 15.
-1564d
What is 45ba (base 12) in base 3?
101122221
What is 2ba (base 12) in base 10?
430
b553 (base 13) to base 14
91d6
1310214 (base 5) to base 2
110010001010100
What is 102110101 (base 3) in base 12?
4a01
What is 21 (base 4) in base 14?
9
Convert -445 (base 7) to base 3.
-22111
-1365 (base 15) to base 14
-1721
-51500 (base 7) to base 10
-12593
Convert 2200013 (base 4) to base 3.
112001112
1715 (base 11) to base 4
202102
Convert -15818 (base 9) to base 10.
-10871
Convert 1605 (base 7) to base 2.
1010000010
Convert 23a (base 16) to base 14.
2ca
What is 224403 (base 6) in base 8?
45323
What is -11011010111 (base 2) in base 12?
-101b
What is 2134234 (base 5) in base 16?
8fd3
Convert -118 (base 15) to base 3.
-100012
What is 10101111111100 (base 2) in base 15?
350a
What is -45692 (base 10) in base 8?
-131174
-532 (base 6) to base 5
-1300
What is 706 (base 8) in base 3?
121211
Convert -52541 (base 6) to base 2.
-1101111001101
Convert 40473 (base 9) to base 16.
680a
What is -4071 (base 16) in base 5?
-1011442
-2000220002 (base 3) to base 8
-116120
-1ab (base 12) to base 11
-230
What is 10233232 (base 4) in base 16?
4bee
1054 (base 7) to base 8
576
Convert -9834 (base 10) to base 8.
-23152
-1100001110011001 (base 2) to base 4
-30032121
155 (base 11) to base 15
c1
Convert 3b9 (base 12) to base 7.
1446
What is 250 (base 16) in base 14?
304
What is -666 (base 8) in base 3?
-121020
-723b (base 13) to base 7
-63653
Convert 10b (base 12) to base 16.
9b
Convert 2897 (base 10) to base 11.
21a4
Convert a3c (base 13) to base 6.
12021
Convert -14100 (base 12) to base 7.
-144012
What is -18607 (base 9) in base 16?
-3256
24024 (base 6) to base 10
3472
What is -8aa (base 15) in base 13?
-b7a
What is 545 (base 8) in base 9?
436
-2405 (base 6) to base 5
-4311
Convert -4851 (base 9) to base 6.
-24414
What is 110111011111 (base 2) in base 5?
103201
What is -121201 (base 3) in base 5?
-3301
What is 270 (base 15) in base 6?
2323
What is -212221 (base 3) in base 16?
-286
-9589 (base 12) to base 6
-203453
What is -112067 (base 8) in base 6?
-451355
42081 (base 10) to base 14
1149b
Convert -c38d (base 14) to base 8.
-101551
Convert -11607 (base 9) to base 11.
-5936
Convert 4321 (base 8) to base 9.
3077
Convert 23103220 (base 4) to base 16.
b4e8
What is 20017 (base 8) in base 15?
2672
Convert -54023 (base 6) to base 2.
-1110010111111
Convert 440b (base 13) to base 10.
9475
Convert 78701 (base 9) to base 4.
30301213
What is 160 (base 10) in base 2?
10100000
What is -2686 (base 10) in base 8?
-5176
Convert 424 (base 9) to base 15.
181
29b1 (base 12) to base 9
6627
Convert 2612 (base 12) to base 14.
1818
Convert -1175 (base 10) to base 2.
-10010010111
120 (base 3) to base 8
17
What is -5542 (base 12) in base 4?
-2103002
-49a2 (base 13) to base 11
-7932
What is 59b3 (base 15) in base 11?
13365
Convert -100100101101 (base 2) to base 8.
-4455
What is 806 (base 15) in base 8?
3416
What is 16741 (base 8) in base 6?
55225
Convert 111111110100 (base 2) to base 7.
14623
What is -4777 (base 8) in base 6?
-15503
What is c96 (base 13) in base 3?
2221200
-2472 (base 8) to base 5
-20323
-13cd (base 16) to base 13
-23cc
12332 (base 4) to base 3
121112
What is 5b57 (base 13) in base 10?
12916
Convert -d698 (base 16) to base 14.
-16040
-17510 (base 8) to base 16
-1f48
Convert 58658 (base 9) to base 8.
114410
What is 37755 (base 10) in base 6?
450443
What is 14443 (base 5) in base 15?
583
Convert 1334 (base 6) to base 16.
15a
Convert -62310 (base 7) to base 4.
-3232032
-224 (base 11) to base 15
-12d
101200011 (base 3) to base 6
100004
What is 2643 (base 16) in base 15?
2d80
Convert -5714 (base 10) to base 5.
-140324
21f (base 16) to base 13
32a
Convert -1171 (base 9) to base 15.
-3d4
Convert 34511 (base 6) to base 9.
6687
Convert -1cdb (base 15) to base 8.
-14211
Convert -107c (base 13) to base 11.
-1801
Convert -44745 (base 9) to base 2.
-111010001001000
Convert 8197 (base 12) to base 7.
56026
-36 (base 13) to base 10
-45
Convert -b13 (base 14) to base 9.
-2874
What is 233130 (base 4) in base 5?
44121
What is -12020200 (base 3) in base 4?
-323301
What is -4212 (base 6) in base 9?
-1258
-314 (base 9) to base 5
-2011
Convert 6155 (base 7) to base 3.
2221112
-112772 (base 8) to base 4
-21113322
-37603 (base 9) to base 7
-133455
Convert 22431 (base 8) to base 14.
3665
-11001101111001 (base 2) to base 15
-3d87
-25a01 (base 11) to base 13
-13ba7
Convert 2201113 (base 4) to base 13.
4915
Convert 886 (base 11) to base 8.
2046
What is 27100 (base 8) in base 2?
10111001000000
-714 (base 8) to base 12
-324
What is -514 (base 7) in base 9?
-314
What is 4775 (base 9) in base 3?
11212112
20002111 (base 3) to base 11
3378
Convert -12276 (base 12) to base 2.
-101111111111010
Convert 2883 (base 9) to base 5.
32211
What is 2200 (base 5) in base 13?
1a1
Convert 102320 (base 4) to base 12.
848
-1d2 (base 14) to base 9
-462
-302233 (base 6) to base 15
-7103
450 (base 10) to base 7
1212
11101111000 (base 2) to base 7
5401
What is 51422 (base 11) in base 2?
10010010100100100
-12e (base 15) to base 10
-269
-741 (base 8) to base 10
-481
6820 (base 9) to base 2
1001110110000
What is 172112 (base 8) in base 12?
30236
-7b (base 14) to base 9
-131
What is -511132 (base 6) in base 9?
-61432
10111110010 (base 2) to base 13
901
Convert -382 (base 12) to base 16.
-212
Convert 2352 (base 9) to base 6.
12032
What is 1000100001110 (base 2) in base 13?
1cab
Convert -1687 (base 13) to base 4.
-303322
Convert -3215 (base 12) to base 13.
-2663
What is 4874 (base 10) in base 14?
1ac2
Convert 111010100 (base 2) to base 8.
724
What is 10110100110 (base 2) in base 4?
112212
What is -82b (base 14) in base 5?
-22412
Convert -110133 (base 4) to base 7.
-3552
-6225 (base 10) to base 5
-144400
-100 (base 5) to base 10
-25
-516 (base 7) to base 16
-102
What is 57030 (base 8) in base 13?
ac6c
Convert 4232 (base 5) to base 9.
700
202201 (base 3) to base 15
274
-1042500 (base 6) to base 12
-26430
Convert 10 (base 13) to base 16.
d
What is -1644 (base 11) in base 13?
-c5c
What is 1231320 (base 4) in base 5?
211112
Convert 343 (base 15) to base 14.
3aa
Convert -9b9 (base 12) to base 2.
-10110011101
1a181 (base 12) to base 13
1454b
Convert 844 (base 13) to base 4.
112000
17498 (base 12) to base 9
50878
467 (base 9) to base 15
1aa
What is 424 (base 13) in base 15?
321
What is 20411 (base 11) in base 3?
1111211220
Convert 200 (base 4) to base 2.
100000
11741 (base 11) to base 2
100000111100000
Convert -26550 (base 8) to base 9.
-16845
af21 (base 16) to base 8
127441
-10011011110 (base 2) to base 9
-1634
What is -666 (base 7) in base 3?
-110200
Convert -9799 (base 14) to base 13.
-bc08
What is -121114 (base 5) in base 7?
-16135
Convert -42 (base 7) to base 13.
-24
Convert 205343 (base 8) to base 13.
25138
-41334 (base 5) to base 16
-a9f
What is 223011 (base 5) in base 14?
2c2d
-46522 (base 7) to base 11
-8a5a
What is -110135 (base 8) in base 5?
-2140312
Convert 231 (base 12) to base 7.
643
-101544 (base 6) to base 7
-32623
Convert 1140 (base 6) to base 12.
1b0
What is -12230 (base 7) in base 13?
-15c8
Convert 41732 (base 9) to base 3.
1101211002
-10010101101 (base 2) to base 7
-3330
What is 362 (base 8) in base 16?
f2
What is -123 (base 4) in base 14?
-1d
What is -150c (base 16) in base 14?
-1d6c
-110 (base 12) to base 4
-2130
What i